is divided by 2?
0
Let v(o) = o**2 - 7*o + 4. Let l be v(7). Let r(y) = y**2 - 2*y. Suppose -4*q + 9 = -q. Calculate the remainder when r(l) is divided by q.
2
Suppose 2*r + 6 = 52. What is the remainder when r is divided by 1/3 + (-132)/(-36)?
3
Let q be (4/(-6))/((-1)/3). Suppose 0 = v - q*v. Suppose -c = -v*c - 16. What is the remainder when c is divided by 9?
7
Let b(k) = k**2 - 12*k + 13. What is the remainder when 79 is divided by b(14)?
38
Let n(z) = z**3 - z**2 - z. Let c be n(2). Suppose c*y = -t + 3, 0 = 3*y - 3*t + 6*t. Suppose -y*k - 2*k + 20 = 0. What is the remainder when 6 is divided by k?
2
Let q = 5 - 3. Suppose d - 48 = 4*d. Calculate the remainder when d/(-6) + (-1)/(-3) is divided by q.
1
Suppose 5*q - 63 = 32. Calculate the remainder when 54 is divided by q.
16
Let c(z) = -14*z + 6. Let d be c(6). Let y = 391 - 279. Let t = d + y. Calculate the remainder when t is divided by 12.
10
Let a(b) = -b**2 - 9*b - 4. Suppose -35 - 3 = -2*h. Suppose 113 = 2*j + h. What is the remainder when j is divided by a(-5)?
15
Suppose -5*k + 5*c = -40, 0*k + 4*k + 5*c - 59 = 0. What is the remainder when k is divided by 7?
4
Suppose -d - l = 2*l - 10, 2*d - 40 = -l. Suppose -f - 4*r + d = 2, -5*f + 2*r = -56. Calculate the remainder when 49/(-14)*(-10)/1 is divided by f.
11
Let w = -46 - -81. What is the remainder when w is divided by (2/4)/((-1)/(-36))?
17
Let c = 52 - 30. Calculate the remainder when 130 is divided by c.
20
Suppose -c + 32 = 6*p - 2*p, 26 = 3*c - 2*p. Let w = 6 - 1. What is the remainder when c is divided by w?
2
Suppose -62 = -4*s - 18. What is the remainder when 74 is divided by s?
8
Let n(z) = -z**3 + 8*z**2 - 2*z - 7. Suppose 2 = 5*c - 98. Calculate the remainder when n(5) is divided by c.
18
Let m(q) = -25*q + 2. Let s be m(-3). Suppose -s = -5*v - 4*z, -5*z + 2*z + 22 = v. Let g = 5 + v. Calculate the remainder when g is divided by 7.
4
Suppose 10*a - 50 = 5*a. Calculate the remainder when -16 + 14 + 41/1 is divided by a.
9
Suppose 0 = -19*z + 11*z + 648. What is the remainder when z is divided by 6?
3
Let t(f) = -35*f**2 - 6*f + 4. Let w(i) = i**2 + 2*i - 1. Let q(s) = -t(s) - 3*w(s). Suppose 0 = c - 1 + 2. What is the remainder when q(c) is divided by 11?
9
Let c be (-8 - -2)/(-1*2). Let y(b) = -b - 3 - 3 + c. Calculate the remainder when 13 is divided by y(-8).
3
Suppose 3*s - 15 = s + 5*q, s - 9 = 2*q. Let u = -8 + s. Calculate the remainder when 13 is divided by u.
6
Suppose -14 - 1 = 5*n. Let b(z) = z**2 + z + 2. What is the remainder when b(n) is divided by 3?
2
Calculate the remainder when 29 is divided by 0 + 14 + (-3 - -5).
13
Let n = 21 + -15. Let g(u) = 5*u + 5. Let w be g(7). Let i = w + -24. What is the remainder when i is divided by n?
4
Let s(c) = -7*c + 7. Calculate the remainder when s(-4) is divided by 12.
11
Let c = 20 - 13. Suppose 2*s - s = c. What is the remainder when 19 is divided by s?
5
Suppose h + 14 = 6*h + 2*u, 0 = h - 3*u + 4. Calculate the remainder when 3 is divided by h.
1
Let y = -20 - -28. Let w = 11 - y. Calculate the remainder when 3 is divided by w.
0
Let k be (-196)/(-35) + (-6)/10. Suppose -5*q = -95 - 20. Calculate the remainder when 7 is divided by q/5 - (-2)/k.
2
Suppose 0 = -6*j + 9*j - 69. What is the remainder when j is divided by (2/3)/((-2)/(-36))?
11
Let l be (0/3)/(2 - 1). Let b(s) = l*s + 4*s + 0*s + s**2 - 7. What is the remainder when 13 is divided by b(-6)?
3
What is the remainder when 15 is divided by (-25)/(-10)*(-24)/(-10)?
3
Let s be (-2)/5 - 6412/(-5). Let m = 690 - s. Calculate the remainder when 15 is divided by (-4)/18 + m/(-72).
7
Let b be -1 + 0*4/16. What is the remainder when 24 - b*(2 - 3) is divided by 13?
10
Suppose 7*r = 57 + 90. What is the remainder when 58 is divided by r?
16
Suppose 102 = 5*k - f - f, 0 = -3*k + 5*f + 65. Suppose -3 = t - k. Calculate the remainder when t is divided by 9.
8
Suppose 5*c = -2*v + 242, -3*c = 4*v - 107 - 27. Calculate the remainder when c is divided by 18.
14
Suppose 3*c - 4*n = -0*c + 29, 5*n + 3 = -c. What is the remainder when 32 is divided by c?
4
Suppose -3 = 2*w - 19. Let s be (1*-2 - -3)*4. Suppose -5*r = -4*i + i - 24, s*r - i - 15 = 0. Calculate the remainder when w is divided by r.
2
Suppose -3*k - 2 = -14. Suppose -8 = -3*u + k. Calculate the remainder when 13 is divided by u.
1
Let d(w) = -9*w - 4. Let n = 1 + 13. Calculate the remainder when d(-5) is divided by n.
13
Let f(o) = o**3 + 10*o**2 + 9*o + 10. What is the remainder when 16 is divided by f(-9)?
6
Let w(n) = n**3 + 2*n**2 - 2*n - 3. Let t be w(-2). Let u = 6 + t. What is the remainder when u is divided by 4?
3
Suppose 215 - 23 = 4*o + 4*x, -2*x = 4. Calculate the remainder when o is divided by 27.
23
Suppose -m - 2*k + 28 = 8, 19 = 2*m - 3*k. Calculate the remainder when (1 + (-243)/15)*(-85)/34 is divided by m.
10
Suppose 3*g - 4 = 2*g. Suppose g*i + 40 = 4*t, 5*i = t - 4*t + 22. Suppose 5*c - 57 = -x + 70, -4*c = -x - 107. What is the remainder when c is divided by t?
8
Let j = 33 + -4. Let v(g) = g**2 - 2*g - 5. Let h be v(-5). Calculate the remainder when j is divided by h/(-9)*(2 - 5).
9
Let i(h) = 10*h - 4. Let b be i(4). Let n(g) = -6*g + 2. Let r be n(-4). Let l = b - r. What is the remainder when l is divided by 6?
4
Calculate the remainder when (-1530)/(-66) - 4/22 is divided by 8.
7
Let o(w) be the third derivative of -w**4/6 - 7*w**3/6 - 4*w**2. Calculate the remainder when 48 is divided by o(-5).
9
Let d(v) = 5*v + 1. Suppose -2*z = -6*z + 24. Let f be z/4*2 + 1. Calculate the remainder when 40 is divided by d(f).
19
Let t = -154 - -184. What is the remainder when t is divided by 8?
6
Let f(v) = 0*v + v - 4*v**2 + 18*v**2. Suppose -n - 215 = -6*n. Calculate the remainder when n is divided by f(1).
13
Let f(v) be the first derivative of v**4/4 + 2*v**3 - v**2 - 8*v - 1. What is the remainder when 14 is divided by f(-6)?
2
Let j(g) = -7 + 2*g + 7. What is the remainder when 7/(-4)*(-22 - -2) is divided by j(6)?
11
Let d(w) = 2*w**2 + 2*w - 3. Let l(v) = 2*v + 13. Let h be l(-9). Calculate the remainder when d(h) is divided by 10.
7
Let r = 23 - 13. Calculate the remainder when 15 is divided by r.
5
Let f be 2/(-3)*(-27)/6. Suppose 18 = 2*z - z + f*k, 0 = -3*z + 2*k + 32. Calculate the remainder when 36 + -3 + 2 + 0 is divided by z.
11
Let y be ((-6)/8 + 0)*-32. Suppose v = 4*v - y. Let r(o) = o**2 + 14*o + 5. What is the remainder when v is divided by r(-14)?
3
Suppose -5*b - 11 = 9. Let a(q) = q + 4. Let g be a(5). Let w = b + g. What is the remainder when w is divided by 2?
1
Let i = 9 - 5. Suppose -3*r - w = -4*r + 15, 0 = i*r + 3*w - 67. What is the remainder when 46 is divided by r?
14
Suppose 0 = -c + 6*c. Suppose -3*g + 6*g - 39 = c. What is the remainder when 1/(-4) + 388/16 is divided by g?
11
Suppose -u = 4*u - 55. Suppose -x = 4, 0 = -6*s + 4*s - 3*x + 6. What is the remainder when -2 - (-3)/(s/69) is divided by u?
10
Suppose 11 - 326 = -3*w. What is the remainder when w is divided by 18?
15
Suppose 0 = -3*h + h + 6. Suppose -h = 2*j - 13. Suppose 2*t + 1 = -l - 3*t, t + j = l. Calculate the remainder when 6 is divided by l.
2
Suppose 5*n - 71 = -2*w, -2*n - 134 = 4*w - 9*w. What is the remainder when 166 is divided by w?
26
Suppose -3*w + 4*w - 161 = 4*y, -y + 304 = 2*w. Calculate the remainder when w is divided by 31.
29
Let j = 6 + -10. Let i = j + 5. Let v = i + 7. What is the remainder when 22 is divided by v?
6
Let j(z) = z**3 + z**2 - z + 2. Calculate the remainder when 67 is divided by j(3).
32
Let c be 2/(-7) - (-2)/7. Suppose 5*f - 33 + 13 = 0. Calculate the remainder when c - ((0 - 12) + 2) is divided by f.
2
Suppose 3*q = 5*q + 4*p + 16, 5*q - 35 = 5*p. Let o(h) = 1 + h**2 + 0*h**2 + h**2 - 2*h. Calculate the remainder when 8 is divided by o(q).
3
Let u(f) = f**3 + 8*f**2 + 2*f - 5. Let i be u(-6). Suppose -4*z + i = z. What is the remainder when 21 is divided by z?
10
Let g(i) = 4 - 2 + 0 - 3*i + 3*i**3. What is the remainder when g(3) is divided by 19?
17
Let w(u) = -2*u**3 + 3*u**2 + 8*u + 5. Calculate the remainder when 132 is divided by w(-2).
13
Let r be 5*((-18)/(-5) - 1). Let h = r + -3. Suppose -x - 4*x = -h. Calculate the remainder when 5 is divided by x.
1
Suppose 0 = -4*x + 5*y + 83, 43 = 2*x